 149794434583 composite?
False
Is 331069739897 a prime number?
False
Is 4090012879 prime?
False
Is 148581967 prime?
False
Is 26892007757 a prime number?
False
Is 2992782937 a prime number?
True
Is 2216412487 a prime number?
False
Is 77412812101 composite?
False
Is 568186253 a prime number?
True
Is 6013197319 a composite number?
False
Is 30360245077 a prime number?
True
Is 2953141903 a prime number?
False
Is 6247034107 a prime number?
False
Is 41661470821 a composite number?
False
Is 71348268599 prime?
False
Is 462887323 composite?
False
Is 5556357241 a prime number?
True
Is 1203828523 a composite number?
True
Is 14447681461 prime?
False
Is 619592783 a composite number?
False
Is 39382715221 prime?
True
Is 9227207287 composite?
True
Is 4990886657 composite?
True
Is 598349371 composite?
False
Is 10671062137 a composite number?
False
Is 3006546053 a composite number?
True
Is 142995988943 prime?
True
Is 4281388795 composite?
True
Is 969807983 a composite number?
False
Is 22330994201 a prime number?
True
Is 11338309519 prime?
False
Is 404392691 a prime number?
True
Is 31952858911 a prime number?
False
Is 97183037 a composite number?
True
Is 71647711 a prime number?
True
Is 13000569751 composite?
True
Is 583736351 prime?
False
Is 50051895247 a composite number?
False
Is 2879139287 prime?
False
Is 6641694617 prime?
True
Is 522671977 prime?
False
Is 267713651 a prime number?
False
Is 30825810991 a composite number?
True
Is 3173429527 composite?
False
Is 4335048703 a prime number?
True
Is 117952271 a prime number?
False
Is 14960583397 a composite number?
False
Is 336201443 prime?
True
Is 544803791 a prime number?
False
Is 17350078519 a composite number?
False
Is 20174599463 a composite number?
False
Is 22739891 composite?
False
Is 313820461 composite?
True
Is 13835765379 prime?
False
Is 956790817 composite?
True
Is 301427599 prime?
False
Is 7158345869 a prime number?
False
Is 81198093557 prime?
False
Is 341436197 prime?
True
Is 31374038291 a composite number?
False
Is 4247093209 a prime number?
True
Is 2836666949 a prime number?
True
Is 31327963538 prime?
False
Is 120576101 a composite number?
False
Is 87488485351 a prime number?
True
Is 489420827 a composite number?
True
Is 30250600085 prime?
False
Is 62806063 a prime number?
True
Is 46419334939 prime?
False
Is 1081537229 a prime number?
False
Is 8951602409 a prime number?
True
Is 10388914813 a prime number?
False
Is 591252749 a composite number?
False
Is 88892513 composite?
False
Is 43488647 a composite number?
False
Is 43741837219 a prime number?
False
Is 13358188763 composite?
True
Is 13414518727 a prime number?
False
Is 151972729 composite?
False
Is 1205756551 a prime number?
True
Is 1849906277 a prime number?
True
Is 3651112547 prime?
True
Is 71358945419 a prime number?
True
Is 18165519907 a prime number?
True
Is 28500088577 prime?
False
Is 16898413663 a prime number?
True
Is 2455883161 prime?
False
Is 27132385801 a composite number?
True
Is 51024179 composite?
True
Is 59180466613 a prime number?
False
Is 672448643 a composite number?
True
Is 44476676317 prime?
False
Is 29158973 prime?
True
Is 54943894219 prime?
True
Is 6876164506 prime?
False
Is 5854525529 a prime number?
False
Is 981218269 a composite number?
True
Is 17554154383 composite?
False
Is 15640308319 composite?
True
Is 17459957 prime?
False
Is 5652387877 a composite number?
False
Is 5499097639 a prime number?
False
Is 107572579 prime?
False
Is 2255794363 a prime number?
True
Is 1102636193 a prime number?
False
Is 1145794789 composite?
False
Is 789873971 a composite number?
False
Is 9302949757 composite?
True
Is 1388688997 prime?
False
Is 10675526831 prime?
True
Is 2090060065 composite?
True
Is 22358607107 a prime number?
True
Is 57590581553 a prime number?
True
Is 801762727 a composite number?
True
Is 4883847203 a prime number?
True
Is 1183926929 composite?
True
Is 87013859 a composite number?
False
Is 4192439191 prime?
True
Is 37695762427 a prime number?
False
Is 1076469419 a prime number?
True
Is 2145826927 prime?
False
Is 12462550361 composite?
False
Is 88538467 composite?
True
Is 9985874219 a prime number?
False
Is 2711063449 a composite number?
False
Is 2115548009 prime?
True
Is 4116187979 prime?
True
Is 8603942185 composite?
True
Is 4266241373 a prime number?
False
Is 19807462009 composite?
False
Is 4513986983 composite?
True
Is 887807321 a composite number?
False
Is 4318180403 a composite number?
False
Is 2098438099 a prime number?
True
Is 88219943869 prime?
True
Is 8356408033 prime?
True
Is 521285419 composite?
True
Is 6434402179 a composite number?
False
Is 5750605813 prime?
False
Is 168072886963 a prime number?
True
Is 3281986157 a prime number?
True
Is 19575551293 composite?
False
Is 22596095759 prime?
False
Is 91221891547 prime?
False
Is 11414768171 a composite number?
False
Is 20909622837 prime?
False
Is 471758537 prime?
True
Is 7066829989 a prime number?
True
Is 11225583043 prime?
True
Is 27180340211 prime?
True
Is 148949296801 prime?
True
Is 89095916111 composite?
False
Is 2360994451 prime?
True
Is 405548081 prime?
True
Is 8252219791 prime?
True
Is 331460537 prime?
False
Is 6029842493 a composite number?
True
Is 2707175481 prime?
False
Is 29775392242 a prime number?
False
Is 15046167041 composite?
True
Is 1620131593 composite?
False
Is 950847061 composite?
False
Is 9323017091 a prime number?
True
Is 109612192601 prime?
True
Is 99262797817 composite?
True
Is 8192580673 composite?
True
Is 5849497987 composite?
True
Is 634524479 composite?
False
Is 1288886441 prime?
True
Is 166748611 a composite number?
True
Is 1192655221 composite?
True
Is 2827853209 a composite number?
False
Is 3785778979 composite?
False
Is 1161827 prime?
False
Is 37974086149 a prime number?
True
Is 811991 a composite number?
False
Is 78663556519 prime?
False
Is 198469681 a prime number?
True
Is 1205758077 a composite number?
True
Is 1007105471 a prime number?
True
Is 45017723581 a prime number?
True
Is 796186739 composite?
True
Is 518485779679 a prime number?
False
Is 43161752503 composite?
False
Is 895445359 prime?
True
Is 2559799667 a composite number?
True
Is 1334192221 a prime number?
False
Is 1508496449 composite?
False
Is 230308007 composite?
False
Is 5123453539 a prime number?
True
Is 2167704043 a prime number?
True
Is 10561638541 a composite number?
False
Is 2051974069 composite?
True
Is 13352690807 prime?
True
Is 7635188413 a composite number?
False
Is 19377216713 composite?
False
Is 26179709851 a composite number?
False
Is 180098349167 composite?
True
Is 3206873147 a prime number?
False
Is 82966341517 prime?
False
Is 796541293 composite?
True
Is 757116271 a prime number?
False
Is 158750654 a prime number?
False
Is 149347690249 a composite number?
False
Is 1427266951 a composite number?
True
Is 904348793 a prime number?
True
Is 1195607423 composite?
True
Is 585700867 prime?
False
Is 1619014699 a composite number?
False
Is 1032580249 a composite number?
False
Is 10611996929 composite?
False
Is 4923575823 composite?
True
Is 9206861117 a prime number?
False
Is 6693946379 prime?
True
Is 271465703 a prime number?
False
Is 24001868843 composite?
False
Is 54547200823 a composite number?
True
Is 128317337 prime?
True
Is 65575357 prime?
False
Is 40873171 a composite number?
False
Is 5458861943 composite?
True
Is 3017725247 prime?
True
Is 47718920351 prime?
True
Is 4051589686 prime?
False
Is 2467884007 a composite number?
True
Is 4228738231 prime?
False
Is 499118038393 composite?
True
Is 9794268683 a prime number?
True
Is 1929024943 a prime number?
True
Is 117528683759 composite?
False
Is 101211263 a composite number?
True
Is 78665686543 a prime number?
False
Is 389982427 a composite number?
True
Is 500228537 prime?
True
Is 1195081721 a prime number?
True
Is 12154203913 a composite number?
False
Is 115755698207 a composite number?
False
Is 5866941601 prime?
False
Is 919787213 prime?
False
Is 4358951 a prime number?
True
Is 637154363 prime?
True
Is 674986487 composite?
True
Is 31555039 composite?
True
Is 575149921 a composite number?
False
Is 40885760899 a prime number?
False
Is 130576993 a composite number?
False
Is 14977249097 prime?
True
Is 102914325461 a composite number?
False
Is 300597103 composite?
False
Is 81723253 prime?
True
Is 17173707913 